v**2 - 49*v - 1049. Determine x(16).
3287
Let k(p) = 146*p**2 + 459*p + 394. Calculate k(-1).
81
Let m(o) = 6062*o - 28568. Calculate m(5).
1742
Let s(f) = -27*f**2 - 153*f - 232. Determine s(-4).
-52
Let j(r) = 2026*r**2 + 93219*r + 1073. Determine j(-46).
15
Let u(b) = 44*b + 1824. Determine u(-76).
-1520
Let w(b) = -23036*b + 39414589. What is w(1711)?
-7
Let w(l) = -2*l**3 - 11*l**2 + 319*l - 124. Calculate w(-16).
148
Let p(v) = 38*v**2 - 5700*v + 32. Give p(150).
32
Let d(q) = -7*q**3 + 19*q**2 - 1983*q + 19957. Give d(10).
-4973
Let m(c) = 14125*c - 1285381. Determine m(91).
-6
Let i(g) = -g**2 - 594*g - 53434. Calculate i(-113).
919
Let f(j) = -j**3 - 173*j**2 - 6974*j + 80. Give f(-109).
-138
Let m(i) = -16*i**3 + 14*i**2 + 48*i + 175. Give m(-4).
1231
Let d(r) = -1861*r - 136114. Calculate d(-73).
-261
Let r(k) = -2*k**2 + 4252*k - 665060. What is r(170)?
-20
Let z(q) = -231*q**2 - 11121*q - 1580. Calculate z(-48).
4
Let z(s) = -s**2 + 28334*s - 311610. Determine z(11).
-57
Let b(t) = 2379*t**2 + 76121*t - 145. Give b(-32).
79
Let k(z) = -961*z - 2510. Give k(-2).
-588
Let i(z) = -5481*z - 38577. Calculate i(-7).
-210
Let k(d) = 50*d**3 + d**2 - 713*d - 713. What is k(-1)?
-49
Let f(o) = o**2 - 6552*o - 3952063. Calculate f(-556).
-15
Let v(g) = -4*g**2 - 16097*g - 16089. Give v(-1).
4
Let m(d) = 15*d**3 + 993*d**2 + 198*d + 138. Determine m(-66).
138
Let h(p) = -p**2 - 546*p + 7698. Determine h(-560).
-142
Let v(f) = 3*f**2 + 37*f - 1244. Give v(-25).
-294
Let f(k) = k**3 + 22*k**2 + 401*k + 6384. What is f(-18)?
462
Let v(o) = -258*o + 11052. What is v(45)?
-558
Let g(y) = 1151*y + 994. Calculate g(-1).
-157
Let r(a) = -2867*a + 41020. Calculate r(15).
-1985
Let a(b) = -b**3 + 612*b**2 - 51194*b - 3180. What is a(512)?
-108
Let c(t) = t**3 + 29*t**2 - 15542*t + 230. What is c(111)?
8
Let y(k) = 137186*k - 411557. Determine y(3).
1
Let q(u) = 68155*u + 1772036. What is q(-26)?
6
Let v(p) = 5*p**2 + 1973*p + 164497. Give v(-275).
47
Let g(c) = 96*c**3 + 16*c - 2. Give g(-2).
-802
Let f(q) = q**3 + 26*q**2 - 87*q - 155. Calculate f(-21).
3877
Let a(s) = -12*s**2 - 2981*s + 5967. Calculate a(2).
-43
Let k(w) = -7412*w - 133703. Calculate k(-18).
-287
Let y(o) = -o**3 + 530*o**2 + 1060*o - 1. Determine y(-2).
7
Let g(s) = 2*s**3 + 19*s**2 - 131*s - 4. Determine g(-17).
-2112
Let s(f) = -34023*f - 986648. Give s(-29).
19
Let m(y) = 21285*y + 63762. Give m(-3).
-93
Let v(q) = -2*q**2 + 3955*q + 1634610. Calculate v(-351).
3
Let r(u) = -6*u**3 + 34*u**2 - 137*u + 271. What is r(2)?
85
Let z(k) = 1653*k + 93287. Calculate z(-56).
719
Let v(p) = -12421*p - 74521. Calculate v(-6).
5
Let z(w) = -w**3 + 14*w**2 + 131*w - 62. Give z(20).
158
Let b(f) = -3*f**3 - 3*f**2 + 176*f - 403. Determine b(6).
-103
Let j(d) = -2*d**2 + 3434*d - 30746. Give j(9).
-2
Let o(f) = -f**2 - 12816*f - 383527. Give o(-30).
53
Let c(k) = -k**3 - 184*k**2 - 1582*k - 1211. Calculate c(-175).
14
Let p(h) = 19*h**3 + 129*h**2 - 124*h - 645. Give p(-7).
27
Let s(n) = 1877*n - 106997. Give s(57).
-8
Let c(h) = -18*h**3 - 237*h**2 - 44*h - 71. What is c(-13)?
-6
Let o(c) = -3*c**2 + 26649*c + 133284. Calculate o(-5).
-36
Let l(w) = -8253*w + 41356. What is l(5)?
91
Let q(c) = -c**2 - 334*c - 17858. Give q(-267).
31
Let l(b) = -b**3 + 66*b**2 - 608*b + 233. Give l(55).
68
Let z(s) = -7*s**3 + 318*s**2 + 10*s - 4. Give z(2).
1232
Let i(d) = 31*d**2 + 27668*d + 14265. What is i(-892)?
-7
Let o(s) = -86883*s + 434340. What is o(5)?
-75
Let r(q) = -2*q**2 - 338*q + 11482. Calculate r(29).
-2
Let k(t) = -931*t - 223443. Calculate k(-240).
-3
Let t(g) = g**3 + 60*g**2 + 64*g - 13986. Calculate t(-54).
54
Let k(j) = j**2 + 7349*j + 263271. What is k(-36)?
3
Let u(q) = -q**2 + 153*q - 632. Give u(148).
108
Let m(d) = 18*d**2 - 27284*d - 247020. Determine m(-9).
-6
Let q(p) = 7*p**2 + 1295*p + 38335. Calculate q(-37).
3
Let s(q) = 5811*q - 261595. What is s(45)?
-100
Let h(t) = 6014*t + 48531. Give h(-8).
419
Let h(p) = 2*p**3 + 74*p**2 + 84*p + 348. Give h(-36).
-84
Let k(d) = d**3 + 302*d**2 - 1223*d - 195. What is k(-306)?
-501
Let s(v) = v**3 + 13*v**2 + 88*v + 2146. What is s(-16)?
-30
Let g(w) = 2944*w**2 - 207*w + 203. Give g(1).
2940
Let p(m) = m**3 - 7*m**2 - 146*m + 738. Calculate p(15).
348
Let i(u) = -16624*u + 33194. Determine i(2).
-54
Let q(o) = 3701*o + 177567. Determine q(-48).
-81
Let a(g) = 3*g**3 + 34*g**2 + 141*g - 16. Calculate a(-5).
-246
Let o(c) = c**3 + 206*c**2 - 10958*c - 1853. What is o(44)?
-5
Let s(j) = -2*j**3 + 393*j**2 + 2622*j + 3451. Calculate s(203).
0
Let p(n) = -5*n**2 - 6533*n - 1934607. Determine p(-853).
-3
Let l(r) = -36*r**3 + 180*r**2 + 62*r - 317. Determine l(5).
-7
Let p(r) = -464*r + 416. Give p(3).
-976
Let n(h) = -h**2 - 1362*h - 442142. Calculate n(-828).
10
Let x(f) = 479*f + 43431. Give x(-91).
-158
Let t(g) = -g**2 - 765*g + 210697. Calculate t(215).
-3
Let u(s) = 1594*s - 124328. Calculate u(78).
4
Let z(a) = -a**3 - 156*a**2 + 51*a - 15221. What is z(-157)?
1421
Let l(h) = 1039*h - 8657. Calculate l(9).
694
Let l(j) = -9055*j + 307219. Determine l(34).
-651
Let c(h) = 152*h**2 + 1515*h + 45. Give c(-10).
95
Let b(s) = -1662*s + 102733. Calculate b(63).
-1973
Let z(q) = q**3 - 69*q**2 + 931*q - 1269. Calculate z(16).
59
Let a(i) = 821*i + 28265. What is a(-34)?
351
Let n(b) = -1200*b + 35364. What is n(29)?
564
Let l(d) = -59*d**2 + 196*d + 128. Give l(4).
-32
Let y(a) = -3241*a + 398626. Calculate y(123).
-17
Let c(y) = y**2 + 43*y + 390. Determine c(-41).
308
Let c(m) = -5386*m - 565513. Give c(-105).
17
Let x(l) = 9484*l + 398302. Determine x(-42).
-26
Let d(s) = 3531*s - 20994. Give d(6).
192
Let x(l) = -l**2 + 8479*l + 50914. What is x(-6)?
4
Let u(m) = m**3 - 235*m**2 - 488*m + 222280. Determine u(233).
-2
Let q(u) = -912*u + 52914. What is q(58)?
18
Let o(t) = t**2 - 1097*t + 241108. Determine o(304).
36
Let m(n) = 24*n**2 - 915*n - 4472. What is m(-5)?
703
Let n(p) = 4*p**3 - 9*p**2 - 135*p + 561. Give n(4).
133
Let u(m) = 12*m**2 - 6907*m - 63136. Calculate u(-9).
-1
Let y(s) = -s**3 + 17*s**2 - 175*s + 659. Determine y(6).
5
Let r(u) = -u**3 - 20*u**2 - 424*u - 10387. Determine r(-22).
-91
Let t(h) = -49*h - 1664. Give t(-44).
492
Let t(g) = 53255*g - 319522. Calculate t(6).
8
Let f(t) = -107*t**3 + 6957*t**2 - 39*t - 5919. Determine f(65).
-4
Let o(s) = -6151*s - 442926. What is o(-72)?
-54
Let q(o) = -o**2 + 664*o + 26006. Calculate q(-37).
69
Let i(p) = -p**3 + 51*p**2 - 588*p + 18805. Determine i(47).
5
Let k(s) = -3145*s - 56581. Give k(-18).
29
Let d(x) = -103*x**2 + 966*x + 25. Give d(7).
1740
Let k(y) = y**2 - 5345*y - 10367786. Give k(-1512).
-2
Let h(i) = -79621*i - 557344. What is h(-7)?
3
Let y(s) = -3*s**2 + 6581*s + 173106. What is y(-26)?
-28
Let y(r) = 1196*r + 820. Calculate y(0).
820
Let p(l) = 15*l**3 - 7*l**2 + 2081*l - 6212. Determine p(3).
373
Let h(y) = -y**3 + 62*y**2 - 66*y - 3370. Give h(60).
-130
Let x(f) = -f**3 - 158*f**2 + 192*f + 5096. What is x(-159)?
-151
Let m(d) = 24*d**2 - 2467*d + 1893. Determine m(102).
-45
Let d(b) = 4261*b + 21577. Determine d(-5).
272
Let z(w) = 6*w**2 + 67*w + 64. Determine z(-8).
-88
Let n(w) = w**2 + 161*w + 6464. Give n(-84).
-4
Let z(b) = 1299*b + 7340. Determine z(-5).
845
Let j(n) = n**2 + 7345*n - 147304. What is j(20)?
-4
Let w(b) = -1069*b - 11721. Calculate w(-11).
38
Let n(k) = 29*k**2 - 759*k - 48. Calculate n(24).
-1560
Let t(c) = -3*c**3 + 89*c**2 + 900*c - 16. Give t(-9).
1280
Let h(w) = -6*w**2 + 290*w - 874. Calculate h(3).
-58
Let r(t) = 223*t - 32064. What is r(144)?
48
Let r(w) = 4*w**2 + 139*w - 476. Determine r(-36).
-296
Let r(v) = 1122*v - 49517. What is r(44)?
-149
Let t(a) = -4414*a - 22130. What is t(-5)?
-60
Let n(a) = -17563*a - 210752. Give n(-12).
4
Let g(j) = 2*j**3 - 126*j**2 - 97*j - 251. Determine g(64).
1733
Let p(y) = -202*y + 8200. Calculate p(40).
120
Let p(g) = 838*g - 141555. Give p(169).
67
Let x(l) = 355881*l + 9608779. What is x(-27)?
-8
Let t(v) = -v**3 + 39*v**2 - 253*v + 205. Give t(31).
50
Let g(o) = 1341*o**2 - 84*o - 16. Determine g(-1).
1409
Let a(o) = -144*o**2 - 1080*o - 52. Determine a(-7).
452
Let b(r) = -r**3 + 50*r**2 - 345*r - 36. Determine b(6).
-522
Let m(r) = 3*r**3 - 246*r**2 + 30*r - 533. Deter